{"id":185,"date":"2021-10-28T00:33:25","date_gmt":"2021-10-27T22:33:25","guid":{"rendered":"http:\/\/www.salesches.fr\/?page_id=185"},"modified":"2023-10-15T17:03:33","modified_gmt":"2023-10-15T15:03:33","slug":"horaires-douverture","status":"publish","type":"page","link":"http:\/\/www.salesches.fr\/?page_id=185","title":{"rendered":"Contacts et horaires d&#8217;ouverture"},"content":{"rendered":"\n<p>Au bas de la page web, vous trouvez les diff\u00e9rentes coordonn\u00e9es de la Mairie de Salesches \u00e0 tout moment.<br>Toutefois cette page vient vous repr\u00e9ciser ces informations, et les horaires d&#8217;ouverture de la mairie. <\/p>\n\n\n\n<div class=\"wp-block-columns is-layout-flex wp-container-core-columns-is-layout-9d6595d7 wp-block-columns-is-layout-flex\">\n<div class=\"wp-block-column is-layout-flow wp-block-column-is-layout-flow\">\n<p><strong>Coordonn\u00e9es de la Mairie de Salesches :<\/strong><\/p>\n\n\n\n<p><span style=\"text-decoration: underline;\">Adresse postale :<\/span><br>10 place Roger-Salengro<br>59218&nbsp;Salesches<\/p>\n\n\n\n<p><span style=\"text-decoration: underline;\">T\u00e9l\u00e9phone :<\/span><br><a href=\"tel:0327264084\">03 27 26 40 84<\/a><\/p>\n\n\n\n<p><span style=\"text-decoration: underline;\">Messagerie \u00e9lectronique :<\/span><br><a href=\"mailto:mairiesalesches@gmail.com\">mairiesalesches@gmail.com<\/a><\/p>\n<\/div>\n\n\n\n<div class=\"wp-block-column is-layout-flow wp-block-column-is-layout-flow\">\n<p><strong>Horaires d&#8217;ouverture au public :<\/strong><\/p>\n\n\n\n<p><mark style=\"background-color:rgba(0, 0, 0, 0)\" class=\"has-inline-color has-accent-color\"><strong>Le Mercredi de 16h00 \u00e0 18h00<\/strong><\/mark><\/p>\n\n\n\n<p><em>R\u00e9ception par le maire ou les adjoints possible <a href=\"mailto:mairiesalesches@gmail.com\">sur rendez-vous.<\/a><\/em><\/p>\n<\/div>\n<\/div>\n\n\n\n<p><\/p>\n","protected":false},"excerpt":{"rendered":"<p>Au bas de la page web, vous trouvez les diff\u00e9rentes coordonn\u00e9es de la Mairie de Salesches \u00e0 tout moment.Toutefois cette page vient vous repr\u00e9ciser ces informations, et les horaires d&#8217;ouverture de la mairie. Coordonn\u00e9es de la Mairie de Salesches : Adresse postale :10 place Roger-Salengro59218&nbsp;Salesches T\u00e9l\u00e9phone :03 27 26 40<span class=\"more-link\"><a href=\"http:\/\/www.salesches.fr\/?page_id=185\">Continue Reading<\/a><\/span><\/p>\n","protected":false},"author":1,"featured_media":0,"parent":265,"menu_order":0,"comment_status":"closed","ping_status":"closed","template":"","meta":{"footnotes":"","_links_to":"","_links_to_target":""},"class_list":["entry","author-pp856996-ovh","post-185","page","type-page","status-publish"],"yoast_head":"<!-- This site is optimized with the Yoast SEO plugin v26.7 - https:\/\/yoast.com\/wordpress\/plugins\/seo\/ -->\n<title>Contacts et horaires d&#039;ouverture - Salesches<\/title>\n<meta name=\"robots\" content=\"index, follow, max-snippet:-1, max-image-preview:large, max-video-preview:-1\" \/>\n<link rel=\"canonical\" href=\"https:\/\/www.salesches.fr\/?page_id=185\" \/>\n<meta property=\"og:locale\" content=\"fr_FR\" \/>\n<meta property=\"og:type\" content=\"article\" \/>\n<meta property=\"og:title\" content=\"Contacts et horaires d&#039;ouverture - Salesches\" \/>\n<meta property=\"og:description\" content=\"Au bas de la page web, vous trouvez les diff\u00e9rentes coordonn\u00e9es de la Mairie de Salesches \u00e0 tout moment.Toutefois cette page vient vous repr\u00e9ciser ces informations, et les horaires d&#8217;ouverture de la mairie. Coordonn\u00e9es de la Mairie de Salesches : Adresse postale :10 place Roger-Salengro59218&nbsp;Salesches T\u00e9l\u00e9phone :03 27 26 40Continue Reading\" \/>\n<meta property=\"og:url\" content=\"https:\/\/www.salesches.fr\/?page_id=185\" \/>\n<meta property=\"og:site_name\" content=\"Salesches\" \/>\n<meta property=\"article:publisher\" content=\"https:\/\/www.facebook.com\/Mairie-de-Salesches-103732781118990\/\" \/>\n<meta property=\"article:modified_time\" content=\"2023-10-15T15:03:33+00:00\" \/>\n<meta name=\"twitter:card\" content=\"summary_large_image\" \/>\n<script type=\"application\/ld+json\" class=\"yoast-schema-graph\">{\"@context\":\"https:\/\/schema.org\",\"@graph\":[{\"@type\":\"WebPage\",\"@id\":\"https:\/\/www.salesches.fr\/?page_id=185\",\"url\":\"https:\/\/www.salesches.fr\/?page_id=185\",\"name\":\"Contacts et horaires d'ouverture - Salesches\",\"isPartOf\":{\"@id\":\"http:\/\/www.salesches.fr\/#website\"},\"datePublished\":\"2021-10-27T22:33:25+00:00\",\"dateModified\":\"2023-10-15T15:03:33+00:00\",\"breadcrumb\":{\"@id\":\"https:\/\/www.salesches.fr\/?page_id=185#breadcrumb\"},\"inLanguage\":\"fr-FR\",\"potentialAction\":[{\"@type\":\"ReadAction\",\"target\":[\"https:\/\/www.salesches.fr\/?page_id=185\"]}]},{\"@type\":\"BreadcrumbList\",\"@id\":\"https:\/\/www.salesches.fr\/?page_id=185#breadcrumb\",\"itemListElement\":[{\"@type\":\"ListItem\",\"position\":1,\"name\":\"Accueil\",\"item\":\"http:\/\/www.salesches.fr\/\"},{\"@type\":\"ListItem\",\"position\":2,\"name\":\"Mairie pratique\",\"item\":\"http:\/\/www.salesches.fr\/?page_id=265\"},{\"@type\":\"ListItem\",\"position\":3,\"name\":\"Contacts et horaires d&#8217;ouverture\"}]},{\"@type\":\"WebSite\",\"@id\":\"http:\/\/www.salesches.fr\/#website\",\"url\":\"http:\/\/www.salesches.fr\/\",\"name\":\"Salesches\",\"description\":\"Site officiel de la commune de Salesches (59218 - France)\",\"publisher\":{\"@id\":\"http:\/\/www.salesches.fr\/#organization\"},\"potentialAction\":[{\"@type\":\"SearchAction\",\"target\":{\"@type\":\"EntryPoint\",\"urlTemplate\":\"http:\/\/www.salesches.fr\/?s={search_term_string}\"},\"query-input\":{\"@type\":\"PropertyValueSpecification\",\"valueRequired\":true,\"valueName\":\"search_term_string\"}}],\"inLanguage\":\"fr-FR\"},{\"@type\":\"Organization\",\"@id\":\"http:\/\/www.salesches.fr\/#organization\",\"name\":\"Mairie de Salesches\",\"url\":\"http:\/\/www.salesches.fr\/\",\"logo\":{\"@type\":\"ImageObject\",\"inLanguage\":\"fr-FR\",\"@id\":\"http:\/\/www.salesches.fr\/#\/schema\/logo\/image\/\",\"url\":\"http:\/\/www.salesches.fr\/wp-content\/uploads\/2021\/06\/cropped-cropped-blason-salesches-1.png\",\"contentUrl\":\"http:\/\/www.salesches.fr\/wp-content\/uploads\/2021\/06\/cropped-cropped-blason-salesches-1.png\",\"width\":512,\"height\":512,\"caption\":\"Mairie de Salesches\"},\"image\":{\"@id\":\"http:\/\/www.salesches.fr\/#\/schema\/logo\/image\/\"},\"sameAs\":[\"https:\/\/www.facebook.com\/Mairie-de-Salesches-103732781118990\/\"]}]}<\/script>\n<!-- \/ Yoast SEO plugin. -->","yoast_head_json":{"title":"Contacts et horaires d'ouverture - Salesches","robots":{"index":"index","follow":"follow","max-snippet":"max-snippet:-1","max-image-preview":"max-image-preview:large","max-video-preview":"max-video-preview:-1"},"canonical":"https:\/\/www.salesches.fr\/?page_id=185","og_locale":"fr_FR","og_type":"article","og_title":"Contacts et horaires d'ouverture - Salesches","og_description":"Au bas de la page web, vous trouvez les diff\u00e9rentes coordonn\u00e9es de la Mairie de Salesches \u00e0 tout moment.Toutefois cette page vient vous repr\u00e9ciser ces informations, et les horaires d&#8217;ouverture de la mairie. Coordonn\u00e9es de la Mairie de Salesches : Adresse postale :10 place Roger-Salengro59218&nbsp;Salesches T\u00e9l\u00e9phone :03 27 26 40Continue Reading","og_url":"https:\/\/www.salesches.fr\/?page_id=185","og_site_name":"Salesches","article_publisher":"https:\/\/www.facebook.com\/Mairie-de-Salesches-103732781118990\/","article_modified_time":"2023-10-15T15:03:33+00:00","twitter_card":"summary_large_image","schema":{"@context":"https:\/\/schema.org","@graph":[{"@type":"WebPage","@id":"https:\/\/www.salesches.fr\/?page_id=185","url":"https:\/\/www.salesches.fr\/?page_id=185","name":"Contacts et horaires d'ouverture - Salesches","isPartOf":{"@id":"http:\/\/www.salesches.fr\/#website"},"datePublished":"2021-10-27T22:33:25+00:00","dateModified":"2023-10-15T15:03:33+00:00","breadcrumb":{"@id":"https:\/\/www.salesches.fr\/?page_id=185#breadcrumb"},"inLanguage":"fr-FR","potentialAction":[{"@type":"ReadAction","target":["https:\/\/www.salesches.fr\/?page_id=185"]}]},{"@type":"BreadcrumbList","@id":"https:\/\/www.salesches.fr\/?page_id=185#breadcrumb","itemListElement":[{"@type":"ListItem","position":1,"name":"Accueil","item":"http:\/\/www.salesches.fr\/"},{"@type":"ListItem","position":2,"name":"Mairie pratique","item":"http:\/\/www.salesches.fr\/?page_id=265"},{"@type":"ListItem","position":3,"name":"Contacts et horaires d&#8217;ouverture"}]},{"@type":"WebSite","@id":"http:\/\/www.salesches.fr\/#website","url":"http:\/\/www.salesches.fr\/","name":"Salesches","description":"Site officiel de la commune de Salesches (59218 - France)","publisher":{"@id":"http:\/\/www.salesches.fr\/#organization"},"potentialAction":[{"@type":"SearchAction","target":{"@type":"EntryPoint","urlTemplate":"http:\/\/www.salesches.fr\/?s={search_term_string}"},"query-input":{"@type":"PropertyValueSpecification","valueRequired":true,"valueName":"search_term_string"}}],"inLanguage":"fr-FR"},{"@type":"Organization","@id":"http:\/\/www.salesches.fr\/#organization","name":"Mairie de Salesches","url":"http:\/\/www.salesches.fr\/","logo":{"@type":"ImageObject","inLanguage":"fr-FR","@id":"http:\/\/www.salesches.fr\/#\/schema\/logo\/image\/","url":"http:\/\/www.salesches.fr\/wp-content\/uploads\/2021\/06\/cropped-cropped-blason-salesches-1.png","contentUrl":"http:\/\/www.salesches.fr\/wp-content\/uploads\/2021\/06\/cropped-cropped-blason-salesches-1.png","width":512,"height":512,"caption":"Mairie de Salesches"},"image":{"@id":"http:\/\/www.salesches.fr\/#\/schema\/logo\/image\/"},"sameAs":["https:\/\/www.facebook.com\/Mairie-de-Salesches-103732781118990\/"]}]}},"_links":{"self":[{"href":"http:\/\/www.salesches.fr\/index.php?rest_route=\/wp\/v2\/pages\/185","targetHints":{"allow":["GET"]}}],"collection":[{"href":"http:\/\/www.salesches.fr\/index.php?rest_route=\/wp\/v2\/pages"}],"about":[{"href":"http:\/\/www.salesches.fr\/index.php?rest_route=\/wp\/v2\/types\/page"}],"author":[{"embeddable":true,"href":"http:\/\/www.salesches.fr\/index.php?rest_route=\/wp\/v2\/users\/1"}],"replies":[{"embeddable":true,"href":"http:\/\/www.salesches.fr\/index.php?rest_route=%2Fwp%2Fv2%2Fcomments&post=185"}],"version-history":[{"count":5,"href":"http:\/\/www.salesches.fr\/index.php?rest_route=\/wp\/v2\/pages\/185\/revisions"}],"predecessor-version":[{"id":839,"href":"http:\/\/www.salesches.fr\/index.php?rest_route=\/wp\/v2\/pages\/185\/revisions\/839"}],"up":[{"embeddable":true,"href":"http:\/\/www.salesches.fr\/index.php?rest_route=\/wp\/v2\/pages\/265"}],"wp:attachment":[{"href":"http:\/\/www.salesches.fr\/index.php?rest_route=%2Fwp%2Fv2%2Fmedia&parent=185"}],"curies":[{"name":"wp","href":"https:\/\/api.w.org\/{rel}","templated":true}]}}